i**2/2 - 18*i + 7. Calculate the remainder when 39 is divided by v(13).
7
Let i(q) = -q**2 - 8*q + 3. Let a be i(-7). Suppose 230 = a*t - 5*t. What is the remainder when t is divided by 12?
10
Suppose -3*f + 112 = 5*m, 2*f - 1 = -5*m + 107. What is the remainder when 111/(-2)*(-4)/6 is divided by m?
17
Suppose 46*h = 54*h - 24. Suppose -h*i - i = 3*u - 162, 270 = 5*u + 2*i. Calculate the remainder when u is divided by 12.
6
Let k(y) = -y**3 + y**2 + 19. Let v be k(0). Let x = 4 + v. What is the remainder when x is divided by (-2)/(-9) + (-1760)/(-180) + 2?
11
Suppose -3*h = -h - 10. Suppose -10*g = -h*g - 50. Suppose -6 = 3*f - 90. Calculate the remainder when f is divided by g.
8
Let y = -13 - -48. Let x = 9 + -6. Suppose 0 = -d - 4*b + 35, -d = -x*b + 5*b - 27. Calculate the remainder when y is divided by d.
16
Let c = 83 + -43. Let l = 14 - c. Let f = 89 + l. What is the remainder when f is divided by 22?
19
Suppose 5*f - j = 84, -j - 2*j + 88 = 5*f. Suppose 0 = 13*r - 5*r - 80. Let p(o) = 3*o - 25. Calculate the remainder when f is divided by p(r).
2
Let t = 87 + -154. Let z = 124 + t. What is the remainder when z is divided by 10?
7
Suppose -3*p = z - 1090, -5 = -0*z + z. Suppose -2*k = 5*j - 7*k - p, 5*k = -j + 73. Suppose 23 = 8*l - j. What is the remainder when 22 is divided by l?
10
Let f(d) = -6*d - 3. Let o be f(-1). Suppose o*b = -7*b + 360. Calculate the remainder when (-6)/12 - 141/(-2) is divided by b.
34
Suppose -3*c - 4*c + 231 = 0. Calculate the remainder when 126 is divided by c.
27
Suppose 4*q = 109 - 13. Suppose -2*s + 4*s - q = 0. What is the remainder when s is divided by 4?
0
Let k = -57 + 222. Suppose 3*y - r - 2*r = 111, -5*y + r = -k. Calculate the remainder when y is divided by 17.
15
Let p(k) = 4*k**2 + 16*k - 7. Let d = 107 + -112. What is the remainder when p(d) is divided by (2/5)/(1/10)?
1
Let x(k) = 44*k + 1. Let s be x(-2). Let r = -85 - s. What is the remainder when r is divided by 1?
0
Let d = 37 - 34. Suppose -d*q = -q - 82. Let i = q - 21. Calculate the remainder when 57 is divided by i.
17
Suppose 0 = -a - 5*n + 52, 0*n = a + 4*n - 51. Let i(v) = 0 + 3*v**2 - 4*v - 4 - v**2. Calculate the remainder when a is divided by i(4).
11
Let y(i) = i**2 + 16*i + 35. Let n be y(-13). What is the remainder when ((-224)/20)/n*30/3 is divided by 17?
11
Suppose -4*w = 5*p - 3*p - 414, -3*w + 2*p + 314 = 0. Let s = 132 - w. What is the remainder when s is divided by 18?
10
Let i = -21 - -31. Let j be (3/1)/(1/((-1)/(-1))). Suppose j*s - 77 = 5*f, -s - 5*f - 115 = -6*s. What is the remainder when s is divided by i?
9
Let x(l) = l + 12. Let u = 90 + -85. Suppose -3*b + 37 = u*f - 43, -36 = -2*f - 2*b. Calculate the remainder when f is divided by x(-7).
3
Let g = -18 - -18. Suppose p - n - 116 = g, 0*p - 2*p + 228 = -4*n. What is the remainder when p is divided by (0 - (1 - 32)) + -1?
28
Suppose -83*l + 76*l = -259. What is the remainder when 73 is divided by l?
36
Suppose -3*f + k + 92 = 0, k - 1 - 3 = 0. Calculate the remainder when f is divided by 7.
4
Let i(w) = w**2 - 12*w + 38. Let m be i(9). Suppose -7*c + 4*j - 152 = -m*c, 5*c + 3*j = 188. What is the remainder when 69 is divided by c?
32
Suppose 160 = -2*r - 5*s, -78 = r - 0*s + 2*s. Let z = -37 - r. What is the remainder when 196 is divided by z?
31
What is the remainder when 29 is divided by 8/(-12) - (-249)/9?
2
Let u = -7 + 11. Let r(o) = 8*o - 13. What is the remainder when 53 is divided by r(u)?
15
Suppose 29*o = 17*o + 6360. What is the remainder when o is divided by 76?
74
Let s(j) = -13*j**2 + 32*j + 2. Calculate the remainder when 37 is divided by s(2).
9
Suppose 15*i = -5*o + 12*i + 356, -2*o + 3*i + 134 = 0. Calculate the remainder when 138 is divided by o.
68
Suppose 0 = -2*c - 5*c + 1932. Calculate the remainder when 2/7 + c/14 + 2 is divided by 12.
10
Let q = 243 + 6. Suppose -32*z + q = -29*z. What is the remainder when z is divided by 21?
20
Let r = -7 - -25. What is the remainder when (9 - 45)/4 + 39 is divided by r?
12
Suppose 6*b - 131 = -83. Calculate the remainder when 53 is divided by b.
5
Let k(z) = -3*z + z + 17 - z. Let a(t) = t**3 + 4*t**2 - 8*t - 4. Calculate the remainder when k(-5) is divided by a(-5).
10
Let p(v) = 48*v + 22. Let m be p(11). Suppose 195 = -5*c + m. What is the remainder when c is divided by 18?
17
Let z(b) = -b**3 - 10*b**2 + 11*b + 5. Let i(c) = -2*c**2 - 4*c - 5. Let h be i(-3). Let x = 24 - 10. Calculate the remainder when x is divided by z(h).
4
Let x(s) = 4*s - 53. Let f be (-90)/(-4) + 2/(-4). Calculate the remainder when 138 is divided by x(f).
33
What is the remainder when 33 is divided by 43 - 25 - (9 - -1)?
1
Let x = -16 - -18. Suppose -4*t + f - 44 = 8, -3*t = x*f + 39. Calculate the remainder when 22 is divided by 20 + t + -1 + 0.
4
Let y(l) = 70*l**2 - 3*l - 23. Calculate the remainder when y(-3) is divided by 124.
120
Suppose -3*s = -37 - 80. Suppose 206*o = 201*o + 50. Calculate the remainder when s is divided by o.
9
Let x(d) = -5*d**2 - 31*d. Suppose 2*n + 9 = -7. What is the remainder when x(-6) is divided by (-5)/((-10)/n)*-1?
2
Calculate the remainder when (288/8)/((-6)/(-4) - 0) is divided by 13.
11
Let f(k) = -2*k**2 + 15. Let t(m) = -m**2 - 7*m. Let s be t(-7). What is the remainder when 27 is divided by f(s)?
12
Suppose 0*p + 8*p - 584 = 0. Suppose -3*x + 2*s = -0*x - p, 0 = x + 5*s + 4. Calculate the remainder when 55 is divided by x.
13
What is the remainder when 87 is divided by 45*(-60)/(-18)*(-1)/(-2)?
12
Suppose -2*t + 4*x + 218 = 0, 4*x - 581 = -5*t + 2*x. Calculate the remainder when t is divided by 59.
56
Let a(q) = q**2 + 14. Let t = -5546 - -5569. Calculate the remainder when t is divided by a(0).
9
Suppose 23*u = 31*u - 32. What is the remainder when 25 is divided by u?
1
Suppose 0 = -4*k - k + 65. Let m(f) = f - 1. Let p(r) = 5*r - 5. Let x(v) = -6*m(v) + p(v). What is the remainder when k is divided by x(-3)?
1
Let x(w) = 13*w - 12*w + 9*w + 15*w. Calculate the remainder when 72 is divided by x(1).
22
Suppose 2*s - 2*t - 58 = 0, 115 = 5*s + 8*t - 3*t. Calculate the remainder when 33 is divided by s.
7
Let i = -897 + 1069. What is the remainder when i is divided by 15?
7
Let b(y) = -y**3 - 8*y**2 + 7*y + 28. Calculate the remainder when b(-9) is divided by 7.
4
Let o be -2 - 18*-6*1. Suppose q - 8 = -r - 3*q, 5*r - o = 2*q. Calculate the remainder when r is divided by 9.
2
Suppose -66 = -93*y + 82*y. Calculate the remainder when 285 is divided by y.
3
Suppose -317*a = -315*a - 210. What is the remainder when a is divided by 35?
0
Let s(v) = v + 28. Let a be s(-7). Suppose 0 = a*o - 24*o + 495. Suppose 3*b - 36 - o = 0. What is the remainder when b is divided by 14?
11
Let f = 6 + 9. Suppose 0 = -h + 4*h - 444. Suppose -4*z = 40 - h. What is the remainder when z is divided by f?
12
Let w = -53 - -58. Let y(i) = i**2 - 3*i + 2. Let v(s) = 24*s - 1. What is the remainder when v(2) is divided by y(w)?
11
Let w(r) = 3*r**2 - r. Let s be (-1 + 59)*189/14. Suppose 8*m = -m + s. What is the remainder when m is divided by w(-3)?
27
Suppose -2*t + 7*t - 350 = 0. Suppose 4*b = 14*b - t. What is the remainder when 21 is divided by b?
0
Let m(h) = -h**2 + 7*h + 7. Suppose 587 - 337 = 5*q. What is the remainder when q is divided by m(6)?
11
Let o = 24 + -14. Let i = 341 + -232. Calculate the remainder when i is divided by o.
9
Let t(l) = 3*l**2 - 4*l - 1. Let y(j) = -2*j**3 - 11*j**2 + 5*j - 5. Let z be y(-6). Suppose -v - 3 + z = 0. What is the remainder when t(v) is divided by 11?
8
Let f = 240 - 141. Let b(r) = -4*r - 27. What is the remainder when f is divided by b(-13)?
24
Let j(c) = 2*c - 13. Let k be j(8). Suppose 0 = -k*o + 2*o + 50. Calculate the remainder when o is divided by 17.
16
Suppose -4*y + 7 = 15. What is the remainder when 20 is divided by (-21)/y + (-16)/32?
0
Suppose 3*u - 5 - 12 = -s, -s + 22 = -2*u. Calculate the remainder when s is divided by 3.
2
Let h be -6 - (-12)/(0 - -4). What is the remainder when 23 is divided by h + (-4)/22 + 1476/132?
7
Suppose 0 = -2*x, 2*p - 4*p + 4*x + 2 = 0. What is the remainder when 2 is divided by p?
0
Let d be -420*(-9)/((-108)/8). Let r = d - -422. Calculate the remainder when r is divided by 48.
46
Let f(j) = -24*j**3 - j**2 - 9*j